{"id":292,"date":"2023-01-24T18:03:28","date_gmt":"2023-01-24T18:03:28","guid":{"rendered":"https:\/\/ekilibrio.fr\/?page_id=292"},"modified":"2023-03-30T20:04:26","modified_gmt":"2023-03-30T20:04:26","slug":"inconfort-digestif","status":"publish","type":"page","link":"https:\/\/ekilibrio.fr\/?page_id=292","title":{"rendered":"Inconfort digestif"},"content":{"rendered":"\n<h2 class=\"has-text-align-center wp-block-heading\">En finir avec l&rsquo;inconfort digestif<\/h2>\n\n\n\n<div class=\"wp-block-columns is-layout-flex wp-container-core-columns-is-layout-1 wp-block-columns-is-layout-flex\">\n<div class=\"wp-block-column is-layout-flow wp-block-column-is-layout-flow\">\n<p>Ballonnements, gaz sonores ou malodorant, selles liquides, constipation ou alternance des deux, douleurs abdominales, reflux gastriques&#8230; Les causes sont multiples et il convient de de traquer les aliments qui irritent votre intestin, puis de s&rsquo;attaquer \u00e0 la cause pour un bien-\u00eatre durable et des capacit\u00e9s d&rsquo;assimilation optimale<\/p>\n<\/div>\n\n\n\n<div class=\"wp-block-column is-layout-flow wp-block-column-is-layout-flow\">\n<figure class=\"wp-block-image aligncenter size-full is-style-rounded\"><img loading=\"lazy\" decoding=\"async\" width=\"370\" height=\"438\" src=\"https:\/\/ekilibrio.fr\/wp-content\/uploads\/2023\/01\/digestion.jpg\" alt=\"homme avec des douleurs digestives\" class=\"wp-image-36\" srcset=\"https:\/\/ekilibrio.fr\/wp-content\/uploads\/2023\/01\/digestion.jpg 370w, https:\/\/ekilibrio.fr\/wp-content\/uploads\/2023\/01\/digestion-253x300.jpg 253w\" sizes=\"auto, (max-width: 370px) 100vw, 370px\" \/><\/figure>\n<\/div>\n<\/div>\n","protected":false},"excerpt":{"rendered":"<p>En finir avec l&rsquo;inconfort digestif Ballonnements, gaz sonores ou malodorant, selles liquides, constipation ou alternance des deux, douleurs abdominales, reflux gastriques&#8230; Les causes sont multiples et il convient de de traquer les aliments qui irritent votre intestin, puis de s&rsquo;attaquer \u00e0 la cause pour un bien-\u00eatre durable et des capacit\u00e9s d&rsquo;assimilation optimale<\/p>\n","protected":false},"author":1,"featured_media":0,"parent":0,"menu_order":0,"comment_status":"closed","ping_status":"closed","template":"","meta":{"site-sidebar-layout":"default","site-content-layout":"","ast-site-content-layout":"","site-content-style":"default","site-sidebar-style":"default","ast-global-header-display":"","ast-banner-title-visibility":"","ast-main-header-display":"","ast-hfb-above-header-display":"","ast-hfb-below-header-display":"","ast-hfb-mobile-header-display":"","site-post-title":"disabled","ast-breadcrumbs-content":"","ast-featured-img":"","footer-sml-layout":"","theme-transparent-header-meta":"","adv-header-id-meta":"","stick-header-meta":"","header-above-stick-meta":"","header-main-stick-meta":"","header-below-stick-meta":"","astra-migrate-meta-layouts":"default","ast-page-background-enabled":"default","ast-page-background-meta":{"desktop":{"background-color":"var(--ast-global-color-4)","background-image":"","background-repeat":"repeat","background-position":"center center","background-size":"auto","background-attachment":"scroll","background-type":"","background-media":"","overlay-type":"","overlay-color":"","overlay-opacity":"","overlay-gradient":""},"tablet":{"background-color":"","background-image":"","background-repeat":"repeat","background-position":"center center","background-size":"auto","background-attachment":"scroll","background-type":"","background-media":"","overlay-type":"","overlay-color":"","overlay-opacity":"","overlay-gradient":""},"mobile":{"background-color":"","background-image":"","background-repeat":"repeat","background-position":"center center","background-size":"auto","background-attachment":"scroll","background-type":"","background-media":"","overlay-type":"","overlay-color":"","overlay-opacity":"","overlay-gradient":""}},"ast-content-background-meta":{"desktop":{"background-color":"var(--ast-global-color-5)","background-image":"","background-repeat":"repeat","background-position":"center center","background-size":"auto","background-attachment":"scroll","background-type":"","background-media":"","overlay-type":"","overlay-color":"","overlay-opacity":"","overlay-gradient":""},"tablet":{"background-color":"var(--ast-global-color-5)","background-image":"","background-repeat":"repeat","background-position":"center center","background-size":"auto","background-attachment":"scroll","background-type":"","background-media":"","overlay-type":"","overlay-color":"","overlay-opacity":"","overlay-gradient":""},"mobile":{"background-color":"var(--ast-global-color-5)","background-image":"","background-repeat":"repeat","background-position":"center center","background-size":"auto","background-attachment":"scroll","background-type":"","background-media":"","overlay-type":"","overlay-color":"","overlay-opacity":"","overlay-gradient":""}},"footnotes":""},"class_list":["post-292","page","type-page","status-publish","hentry"],"_links":{"self":[{"href":"https:\/\/ekilibrio.fr\/index.php?rest_route=\/wp\/v2\/pages\/292","targetHints":{"allow":["GET"]}}],"collection":[{"href":"https:\/\/ekilibrio.fr\/index.php?rest_route=\/wp\/v2\/pages"}],"about":[{"href":"https:\/\/ekilibrio.fr\/index.php?rest_route=\/wp\/v2\/types\/page"}],"author":[{"embeddable":true,"href":"https:\/\/ekilibrio.fr\/index.php?rest_route=\/wp\/v2\/users\/1"}],"replies":[{"embeddable":true,"href":"https:\/\/ekilibrio.fr\/index.php?rest_route=%2Fwp%2Fv2%2Fcomments&post=292"}],"version-history":[{"count":3,"href":"https:\/\/ekilibrio.fr\/index.php?rest_route=\/wp\/v2\/pages\/292\/revisions"}],"predecessor-version":[{"id":436,"href":"https:\/\/ekilibrio.fr\/index.php?rest_route=\/wp\/v2\/pages\/292\/revisions\/436"}],"wp:attachment":[{"href":"https:\/\/ekilibrio.fr\/index.php?rest_route=%2Fwp%2Fv2%2Fmedia&parent=292"}],"curies":[{"name":"wp","href":"https:\/\/api.w.org\/{rel}","templated":true}]}}